he greatest common divisor of 188 and x?
47
Let q be 3/2 - (-6 - (-5)/(-2)). Suppose -5 = -2*r + 45. Calculate the greatest common divisor of r and q.
5
Suppose 16*w - 10995 = -3251. Calculate the greatest common divisor of 110 and w.
22
Suppose 5*b - 292 = 3*b. Suppose q - 433 = -3*c - 0*q, c = -2*q + b. Calculate the highest common divisor of c and 16.
16
Let o = 444 + -405. Let j be (-362)/9 + (-8)/(-36). Let p = 66 + j. Calculate the highest common factor of p and o.
13
Let q = 99 - 57. Suppose a = 4*b - a - q, -2*b - a + 11 = 0. Let y be b/(-3)*168/(-32). What is the highest common factor of 14 and y?
14
Let w be (-3)/(-7) - (-3628)/28. Suppose 3*k + w = 5*j - 2*k, j = 3*k + 26. What is the greatest common factor of j and 208?
26
Let j be (-3)/6*0/4. Suppose j = 13*v - 8*v - 225. Suppose 2*u - 90 = -u. What is the highest common factor of u and v?
15
Suppose 0 = 6*k + 9 - 33. Calculate the greatest common divisor of 42 and k.
2
Let p = 859 - 849. Calculate the highest common divisor of p and 40.
10
Let j = 209 - 169. Calculate the greatest common divisor of 5 and j.
5
Let g(p) = 10*p. Let k be g(1). Let t be (-10 - (-1 - (-3 - -2)))*-1. Calculate the highest common divisor of k and t.
10
Suppose 5*v + i - 32 = 0, 3*v - 3*i + 19 = 7*v. Suppose -1955*n = -1964*n + 441. What is the greatest common factor of n and v?
7
Let g be (-133)/(-798) - ((-227)/6 + 1). What is the highest common divisor of g and 74?
37
Let i(y) = 5*y**2 - y - 2. Let m be i(3). Suppose 2*w - 99 = -2*u + 27, -5*u - 165 = -3*w. Calculate the greatest common factor of w and m.
20
Let b = -19 + 12. Let g(p) = -8*p - 5. Let r(q) = -7*q - 4. Let s(a) = b*r(a) + 6*g(a). Let j be s(5). Calculate the highest common factor of j and 3.
3
Let k = -23 - -21. Let y = k - -23. Let t = 13 + -6. Calculate the highest common factor of y and t.
7
Suppose 0 = -31*j + 17*j + 504. Suppose x - 5*s = 242 - 83, -5*x + 5*s + 735 = 0. Calculate the highest common divisor of x and j.
36
Let f(b) = 4*b - 3. Let u be f(2). Let k(m) = -m + 10. Let z be k(4). Suppose z*x = 7 + u. What is the highest common divisor of x and 6?
2
Let n(p) = p - 2. Let i be n(-8). Let w = 32 + i. Let k be 884/16 + 3/(-12). Calculate the highest common divisor of k and w.
11
Suppose 5*i = -2*u + 21, u = -124*i + 128*i + 17. Let w(o) = -22*o + 7. Let k be w(-5). What is the greatest common factor of u and k?
13
Let h(p) = -p**2 + 5*p - 6. Let i be h(3). Suppose i = -2*k + 4*w + 8, 2*k - 20 = w - 6. Calculate the greatest common divisor of k and 64.
8
Suppose 0 = 56*l - 46*l - 15250. Calculate the greatest common factor of 122 and l.
61
Suppose -4*j + 173 = -7. Let l = -1 + 8. Let x be 65/7 + (-2)/l. What is the greatest common divisor of x and j?
9
Suppose -3*b + 454 + 470 = 0. Suppose 3*x - 3*h - 2*h + 488 = 0, -2*x - h - b = 0. Let i be 4/26 - 6216/x. Calculate the greatest common factor of 5 and i.
5
Suppose -5*n = 8 - 38. Suppose 2*k = -16 + 20. Suppose -k*i - n = -c - 5, -57 = -5*c - 3*i. What is the greatest common divisor of 18 and c?
9
Let a = 94 - 36. Let d = 78 - a. What is the highest common factor of 50 and d?
10
Let t(q) = 9 - 5*q - q**2 + 0*q**2 - 1. Let h be t(-6). Let i be 112 + -1 + h + -3. What is the highest common divisor of i and 10?
10
Suppose -12*k = -13*k. Suppose k = -3*i + 15, 2*i - 60 = -5*d + 40. Let o be 390/54 - 4/d. Calculate the greatest common factor of o and 77.
7
Suppose c = -5*j + 129, 0*j = -4*j - 4*c + 100. Let w(k) = -k**3 - 3*k**2 - k - 21. Let m be w(-7). What is the highest common divisor of j and m?
26
Suppose -r + 93 = -0*r. Let m be r/((21/2)/7). Let w = m - -15. What is the highest common factor of 11 and w?
11
Let q = 11 + -15. Let x be q/(-30) + 44824/195. Calculate the highest common divisor of 23 and x.
23
Suppose q = 4*d + 36, 4*q - q - 3*d - 126 = 0. Suppose 3*a + 118 = -5*b - 127, -2*b - 2*a = 102. Let s = 50 + b. What is the greatest common divisor of s and q?
4
Suppose 17*k - 280 = 196. Calculate the highest common divisor of k and 98.
14
Suppose -4*h = 13 + 59. Suppose -3*w - 5*f - 3 = 14, -5*f = -10. Let p be 4/h - 47/w. What is the greatest common factor of p and 10?
5
Let i be 9711/24 - (-21)/56. Let b be -9*1/(1/(-5)). Calculate the highest common divisor of i and b.
45
Let a = 1127 + -529. Calculate the highest common factor of 78 and a.
26
Let j be ((-1)/2)/(1/(-10)). Let f be j/(-25) + 222/10. What is the highest common divisor of f and 242?
22
Suppose -5*d + 1329 = 2*f, 4*d + 2 = 2*d. Calculate the greatest common divisor of 46 and f.
23
Let j = -132 + 237. Let y(p) = p**2 - 15*p + 35. Let s be y(14). Calculate the greatest common factor of s and j.
21
Suppose 10*o - 6*o + 20 = 0. Let l be (-7)/(-3)*(-2 + o/(-1)). What is the greatest common divisor of l and 14?
7
Let d be (-6)/(-2) - (-5)/(-15)*-9. Calculate the highest common factor of 294 and d.
6
Let b = 126 + -6. Suppose 4*w + b = 7*w. Let y(a) = a + 2. Let p be y(6). What is the highest common factor of w and p?
8
Let c = -225 - -271. What is the greatest common factor of c and 598?
46
Let x(b) = 4*b + 2*b + 2*b**2 + 222 - 2*b**3 - 218. Let t be x(-2). What is the greatest common divisor of t and 8?
8
Let p = 305 - 165. What is the highest common factor of p and 84?
28
Let u = 3369 - 3368. Let c(t) = t**3 - 2*t**2 + 2*t + 2. Let o be c(2). Let h(f) = -f + 14. Let r be h(o). What is the highest common factor of r and u?
1
Let s(d) = -4*d - 38. Let k be s(-11). Calculate the highest common divisor of 78 and k.
6
Let w be (-338)/(-14) - 6*(-8)/(-336). Calculate the greatest common divisor of w and 48.
24
Let a(x) = x**2 - 4*x + 4. Let j be a(3). Let y = -41 + j. Let m = 64 + y. Calculate the greatest common divisor of 72 and m.
24
Let h = -13 - -22. Suppose 2*j + 8 = -x, 2*x - j + 4*j = -14. Let z(w) = -2*w + 1. Let f be z(x). What is the highest common divisor of f and h?
9
Let x(n) = -5*n + 9. Let j(s) = -5*s + 8. Let m(a) = -2*j(a) + 3*x(a). Let i be m(-9). What is the highest common factor of 7 and i?
7
Let o(w) = w**3 - 57*w**2 - 46*w - 124. Let q be o(58). What is the highest common divisor of 26 and q?
26
Let c be 1 - -6 - (2 - -1). Let d(s) = 10*s - 16. Let z be d(c). Calculate the greatest common factor of z and 264.
24
Suppose -21*r + 3240 = -12*r. What is the highest common divisor of r and 45?
45
Suppose 52389 = 105*j - 29826. Calculate the greatest common factor of 29 and j.
29
Let v(d) = -d**3 + 8*d + 1. Let n be v(-3). What is the greatest common factor of 64 and n?
4
Let n(a) = -99*a + 231. Let i be n(-8). Calculate the greatest common factor of 31 and i.
31
Let w be -20*(-7)/4*2/(-7). Let l be -24*1/w*(-50)/(-1). Calculate the highest common factor of 48 and l.
24
Let i be (-3)/2 - (-250)/(-20). Let c = 67 - i. What is the highest common factor of c and 9?
9
Let i = 5 - 5. Suppose i*y + 15 = y. Let s(u) = u**3 - 5*u**2 + u + 1. Let n be s(5). Calculate the highest common divisor of y and n.
3
Let g(p) = -3*p - 28 + 24 + 5*p**2 + 0*p. Let m(l) = -l**2 - 6*l + 10. Let r be m(-7). Let j be g(r). What is the highest common factor of 8 and j?
8
Let y be (4/6)/(6/315). Let i(w) = -11*w + 3. Let m(p) = 5*p - 2. Let k(c) = 2*i(c) + 5*m(c). Let v be k(3). Calculate the highest common factor of y and v.
5
Suppose 2*w - 174 = -7*p + 5*p, 5*p + w = 447. What is the highest common factor of p and 585?
45
Suppose 15 = -3*u + 5*k, -u + 2*u - 4*k = -12. Let a be (-1 + u)/(1/(-2)). What is the greatest common factor of 13 and a?
1
Suppose -18*s + 280 = -11*s. Calculate the highest common divisor of 320 and s.
40
Let y be (9/6)/((-15)/130). Let r(g) = -4*g + 3. Let b be r(6). Let d = y - b. Calculate the greatest common factor of 16 and d.
8
Let p be ((-12)/(-3))/(-2) - -9. Let w be 2/5 - (-24)/15. Let a(s) = s**3 + 3*s**2 - 2*s - 2. Let n be a(w). Calculate the greatest common divisor of p and n.
7
Let o(t) = t**2 - 5. Suppose -5*a + 2 = 27. Let x be o(a). Suppose -4 = m + 4*h, 0*h - x = 5*h. Calculate the highest common divisor of 18 and m.
6
Let c(q) = 5*q + 89. Let f be c(-3). What is the highest common divisor of 185 and f?
37
Suppose -2*h = -6*h + 32. Let k(l) = 1. Let y(j) = -4*j + 8. Let o(u) = -14*k(u) + 2*y(u). Let b be o(0). Calculate the greatest common divisor of h and b.
2
Suppose 4*d = 2*